= 15. Let y = 10 + o. Calculate the remainder when 15 is divided by y.
3
Let s = 88 + -48. Let y = s - 20. What is the remainder when y is divided by 7?
6
Let h(c) = -c**3 + c**2 + 23. Let d = -2788 + 2832. Calculate the remainder when d is divided by h(0).
21
Suppose 0 = 2*m - b - 28, b = -1 - 1. Calculate the remainder when 37 is divided by m.
11
Let o = 2122 - 2024. Suppose 5*w = 3*f - 55, 115 - 7 = 4*f + 2*w. What is the remainder when o is divided by f?
23
What is the remainder when 7946/38 + 30/(-285) is divided by 70?
69
Let n(h) = 4*h + 44. What is the remainder when n(8) is divided by 42?
34
Calculate the remainder when 81 is divided by (4/8)/(1/62).
19
Suppose -3 = u + 2*j + 6, 3*u - j = -48. Let a = 19 + u. Suppose 0 = 2*h - 8, a*b - h = -6*h + 184. Calculate the remainder when b is divided by 11.
8
Suppose 5*p - 4*r - 49 = 0, -2 = -p + 5*r + 12. What is the remainder when 35 is divided by p?
8
Let g(v) = 50*v**2 - 4*v. Let y = 4 - 3. What is the remainder when g(-1) is divided by y/2 + (-81)/(-6)?
12
Let j be 2825/5 - (2 + -1). Suppose j = 4*c - 6*c. What is the remainder when 37 is divided by (-6)/14 - c/21?
11
Let z(i) = -29*i - 55. Suppose 2*t = -3*w - 21 + 2, -2*t + 16 = -4*w. Calculate the remainder when z(w) is divided by 7.
6
Suppose 3*a = -148 + 253. Calculate the remainder when a is divided by 18.
17
Suppose -3*v = 3*a - a + 11, 4*a - 2*v - 18 = 0. What is the remainder when 15 is divided by a?
1
Let w = -1260 + 1323. Calculate the remainder when 292 is divided by w.
40
Let n(m) = 20*m + 3. Let h(p) = p**2 - 3. Let o be h(3). What is the remainder when n(3) is divided by (-2)/(o/39)*(-2 + 1)?
11
Let t = -33 + -10. Let z = t - -60. Suppose -4*w = w - 155. Calculate the remainder when w is divided by z.
14
Let s = 25 - -65. What is the remainder when 280 is divided by s?
10
Suppose 60 = 4*x - 12. Calculate the remainder when x is divided by (21/9)/((-250)/(-30) - 8).
4
Suppose 4*c + 2*u - 510 = 0, -14*u = -4*c - 15*u + 511. Calculate the remainder when c is divided by 15.
8
Suppose 6*i - 11*i = 0. Suppose 3*m + 5*l - 15 = 4, i = -2*m + 3*l. What is the remainder when 57/12 + 2/8 is divided by m?
2
Let b be ((-6)/18)/(1/(-9)). Suppose 3*w = -b*c + 45, 5*w + 3 = 2*w. Calculate the remainder when c is divided by (-2)/(-7) - (-183)/21.
7
Suppose -5*r + 3*i + 37 = 0, -4*i + 0*i - 36 = -4*r. What is the remainder when 61 is divided by r?
1
Let x be -4 - (-6)/(12/10). Let q be 7 - (3 - x/(-1)). Suppose 5*k + 24 = d, 0 = -2*d - q*k + 2*k + 15. Calculate the remainder when d is divided by 3.
0
Suppose -18 = -2*c - 0. What is the remainder when (76/(-28) - -1)/((-135)/2520) is divided by c?
5
Calculate the remainder when (21/((-945)/60))/((-3)/144) is divided by 34.
30
Let b(i) be the second derivative of i**3/2 - i**2 + 2*i. Let l(a) = 3*a**2 + 5*a - 1. Calculate the remainder when l(-5) is divided by b(5).
10
Let n = -18 + 26. Let t be 4/(-12) + 6/(-9). Calculate the remainder when t - (69/(-3))/1 is divided by n.
6
Suppose -2*p + 163 = p + k, -3*p + 3*k = -171. Calculate the remainder when 107 is divided by p.
52
Let t(i) = 2*i**2 - 2*i + 4. Calculate the remainder when 58 is divided by t(3).
10
Let n = -5 + 2. Let c = 11 - n. Suppose -c - 1 = -5*y. What is the remainder when y is divided by 2?
1
Suppose -15*d = -3*d - 36. Let m = -15 + 27. What is the remainder when m is divided by d?
0
Let d = -135 - -79. Calculate the remainder when (-1 - 0)*7*624/d is divided by 10.
8
Let y(c) = -22*c**2 - 155*c - 18. Calculate the remainder when 2999 is divided by y(-6).
119
Suppose 54 + 18 = -z. Let m = 242 + z. What is the remainder when m is divided by 29?
25
Let l(a) be the first derivative of -a**4/4 + 11*a**3/3 - 7*a**2/2 + 23*a - 13. Calculate the remainder when l(10) is divided by 9.
8
Let c = -7 + 16. Let u = -9 + 33. What is the remainder when u is divided by c?
6
Let b(f) = 8*f - 15. Suppose 2*d + 4*u = 38 + 82, u = -5*d + 264. Calculate the remainder when d is divided by b(3).
7
Let b be 116/(-2)*6/2. Suppose 0*p = -p - 2. Calculate the remainder when b/(-10) - p/(-5) is divided by 6.
5
Let t be 32/24*(-39)/(-2). What is the remainder when 75 is divided by (16 - 19)/((-3)/t)?
23
Let p(k) = -3*k**3 + 29*k**2 + 15*k - 37. Let h = -24 + 70. Calculate the remainder when h is divided by p(10).
7
Suppose 2*j + 2*s = 4, j + 4*s = -1 - 0. Suppose -9 = -2*f + j. Suppose -3*w - f*x + 15 = -3*x, -w - 4*x + 5 = 0. What is the remainder when 13 is divided by w?
3
Calculate the remainder when 176 is divided by (-1)/4 + (-365)/(-20).
14
Let u be 39/(-5) - 5/25. Let z = 5 - u. Suppose -4*r + 3*i = -2*i - 48, 3*r + 5*i = 1. Calculate the remainder when z is divided by r.
6
Let h(w) = 2*w + 102. Calculate the remainder when h(9) is divided by 26.
16
Let l(x) = -x**3 + 10*x**2 + 15*x - 7. What is the remainder when 108 is divided by l(11)?
34
Let h = -876 + 911. Calculate the remainder when 146 is divided by h.
6
Suppose 2*q + 29 = 3*q. Calculate the remainder when 57 is divided by q.
28
Suppose 8*q - 287 - 281 = 0. Calculate the remainder when 637 is divided by q.
69
Let b(y) = -y - 8. Let v be b(-9). Let r be (((-80)/(-2))/(-4))/v. What is the remainder when 35 is divided by (-16 - 2)*5/r?
8
Suppose g - 4*q = -2*g + 708, 2*g = -3*q + 455. Suppose -401 + 204 = -5*t + 2*h, 2*t - 3*h - 81 = 0. What is the remainder when g is divided by t?
37
Let p(s) = -s**2 + 15*s - 23. Suppose 2*a - 14 = -2*d, -2*d = -a + d - 9. Calculate the remainder when a is divided by p(2).
0
Calculate the remainder when (920/(-24))/((-60)/432) is divided by 7.
3
Let f be (-2 - -1) + 12 + -2. Suppose -5*d + f = -8*d. Calculate the remainder when (172/(-10))/(d/15) is divided by 29.
28
Suppose 10*s = 9*s - 49. Let c = 53 + s. Calculate the remainder when 11 is divided by c.
3
Suppose -v - 4*v - 20 = -4*d, -22 = -3*d + 2*v. Calculate the remainder when 77 is divided by d.
7
What is the remainder when 2/23 - (-10934)/161 is divided by 23?
22
Let w(a) = -2*a**2 - 2*a + 1. Let g be w(1). Let y = 26 + g. Suppose 0 = -3*p - 5*j - 1, 3*p = -4*j - 6 + 10. Calculate the remainder when y is divided by p.
7
Let r(a) = -70*a + 9. What is the remainder when 120 is divided by r(-1)?
41
Calculate the remainder when 50 is divided by 94/2 + (-17 - -21 - 2).
1
Let q = 446 - 429. What is the remainder when 32 is divided by q?
15
Let s(g) = 6*g - 218. Calculate the remainder when s(59) is divided by 35.
31
What is the remainder when 279 is divided by 2/4 - (-7)/((-14)/(-19))?
9
Suppose 0 = 5*m - 25, -3*g - 3*m + 9 = -5*g. Suppose -g = 5*f - 68. What is the remainder when 0 - (-291)/6 - 4/(-8) is divided by f?
10
Let k = 6 - -7. Let q = -202 + 226. What is the remainder when q is divided by k?
11
Suppose 18*r + 611 = 31*r. Calculate the remainder when 124 is divided by r.
30
Suppose 0 = -3*n + 4*r + 15, -5*r + 49 - 16 = 2*n. Let o = 90 - 61. Calculate the remainder when o is divided by n.
2
Let x = 15 + -10. Suppose -x*f = 15, 0 = 3*k - 7*k - f - 43. Calculate the remainder when 28 is divided by (k/8)/((-6)/48).
8
Suppose 7*i + 574 = 630. Calculate the remainder when 341 is divided by i.
5
Let s be (0 - 1)/(4/(-20)). Let d = -5 + s. Suppose 6*y - 7*y + 12 = d. What is the remainder when 34 is divided by y?
10
Suppose 2 + 12 = v. Let d = -159 - -184. Calculate the remainder when (-4 - 1 - (-5 - -1)) + d is divided by v.
10
Let a(q) = q + 4. Let c be a(5). What is the remainder when 14 is divided by (12/18)/(1/c)?
2
Suppose 3 + 35 = n + z, 66 = 2*n + 4*z. What is the remainder when n is divided by ((-66)/12 + 6)*((-138)/(-3) - 0)?
20
Let w(f) = -29*f - 60. What is the remainder when 47 is divided by w(-3)?
20
Suppose 5*n - 5 = 40. Let y = 34 + 1. What is the remainder when y is divided by n?
8
Suppose 0 = -5*z + 10, 2*z - z = 3*f - 46. Let w = 185 + -77. Calculate the remainder when ((-15)/2)/((-18)/w) is divided by f.
13
Let p = 1080 - 1043. Let g(b) = b + 73. What is the remainder when g(0) is divided by p?
36
Let c be (-5)/((2/(-14))/(2 - 1)). Suppose -c = -3*w + 31. What is the remainder when 105 is divided by w?
17
Suppose -5*b - 186 = -3*g, -g + 97 - 21 = 3*b. What is the remainder when g is divided by 38?
29
Suppose u + 6 - 26 = 0. Let b(x) = 3*x**2 + 11*x + 3. What is the remainder when u